{"id":495,"date":"2018-02-01T08:12:45","date_gmt":"2018-02-01T08:12:45","guid":{"rendered":"https:\/\/neu.bildhauersymposion.de\/?page_id=495"},"modified":"2018-02-02T13:01:36","modified_gmt":"2018-02-02T13:01:36","slug":"idee-und-konzept","status":"publish","type":"page","link":"https:\/\/bildhauersymposion.de\/index.php\/idee-und-konzept\/","title":{"rendered":"Idee und Konzept"},"content":{"rendered":"<div id=\"pl-495\"  class=\"panel-layout\" ><div id=\"pg-495-0\"  class=\"panel-grid panel-no-style\" ><div id=\"pgc-495-0-0\"  class=\"panel-grid-cell panel-grid-cell-mobile-last\" ><div id=\"panel-495-0-0-0\" class=\"so-panel widget widget_sow-editor panel-first-child panel-last-child\" data-index=\"0\" ><div class=\"panel-widget-style panel-widget-style-for-495-0-0-0\" ><div\n\t\t\t\n\t\t\tclass=\"so-widget-sow-editor so-widget-sow-editor-base\"\n\t\t\t\n\t\t>\n<div class=\"siteorigin-widget-tinymce textwidget\">\n\t<h5><span style=\"color: #ff00ff;\">Idee und Konzept<\/span><\/h5>\n<p>Gegenwartskunst und aktuelle Technologie miteinander zu verbinden, war der Grundgedanke des Bildhauersymposions Heidenheim. Hierzu boten unterschiedliche Industrie- und Handwerksbetriebe aus Heidenheim und Umgebung ausgew\u00e4hlten K\u00fcnstlerinnen und K\u00fcnstlern die M\u00f6glichkeit, ihre Kunstwerke f\u00fcr den \u00f6ffentlichen Raum in den Betrieben zu realisieren. F\u00fcr die K\u00fcnstler bestand die besondere Herausforderung darin, dass sie mit jenen Materialien und Produktionstechniken arbeiten mussten, die in den jeweiligen Betrieben vorhanden waren. So kam es zu einer produktiven Konfrontation von Gegenwartskunst und aktueller Industrieproduktion, die ungew\u00f6hnliche Werke und Projekte hervorbrachte.<\/p>\n<p>\u00a0<\/p>\n<h5><span style=\"color: #ff00ff;\">Die Initiative<\/span><\/h5>\n<p>Das Projekt Bildhauersymposion Heidenheim wurde von dem gleichnamigen Verein getragen, der auf ehrenamtlicher Basis arbeitete und sich ausschlie\u00dflich durch private Spenden finanzierte. Zwischen 1997 und 2013 realisierte der Verein sechs Bildhauersymposien, an denen insgesamt 30 K\u00fcnstlerinnen und K\u00fcnstler teilnahmen.<\/p>\n<p>\u00a0<\/p>\n<h5><span style=\"color: #ff00ff;\">Die Teilnehmer<\/span><\/h5>\n<p>Die beteiligten K\u00fcnstlerinnen und K\u00fcnstler wurden in einem aufw\u00e4ndigen Wettbewerbsverfahren ermittelt, an dem renommierte K\u00fcnstler und Kuratoren als Juroren t\u00e4tig waren. Unter ihnen bekannte Pers\u00f6nlichkeiten wie Prof. Dr. Manfred Schneckenburger, Prof. Dr. Wulf Herzogenrath, Dr. Thomas Wagner, Prof. Rolf Bier, Roman Signer oder Albert Hien. In den 16 Jahren seines Bestehens verwirklichten insgesamt 30 K\u00fcnstlerinnen und K\u00fcnstler ihre Werke f\u00fcr den \u00f6ffentlichen Raum. Da nicht alle Werke auf Dauer angelegt waren oder im Zuge von Bauprojekten von ihren Standorten wieder entfernt werden mussten, existieren heute nur noch 14 Werke, die im Stadtraum Heidenheims zu sehen sind.<\/p>\n<\/div>\n<\/div><\/div><\/div><\/div><div id=\"pgc-495-0-1\"  class=\"panel-grid-cell panel-grid-cell-empty\" ><\/div><\/div><\/div>","protected":false},"excerpt":{"rendered":"<p>Idee und Konzept Gegenwartskunst und aktuelle Technologie miteinander zu verbinden, war der Grundgedanke des Bildhauersymposions Heidenheim. Hierzu boten unterschiedliche Industrie- und Handwerksbetriebe aus Heidenheim und Umgebung ausgew\u00e4hlten K\u00fcnstlerinnen und K\u00fcnstlern die M\u00f6glichkeit, ihre Kunstwerke f\u00fcr den \u00f6ffentlichen Raum in den <span class=\"excerpt-dots\">&hellip;<\/span> <a class=\"more-link\" href=\"https:\/\/bildhauersymposion.de\/index.php\/idee-und-konzept\/\"><span class=\"more-msg\">Weiterlesen &rarr;<\/span><\/a><\/p>\n","protected":false},"author":1,"featured_media":0,"parent":0,"menu_order":0,"comment_status":"closed","ping_status":"closed","template":"","meta":{"footnotes":""},"_links":{"self":[{"href":"https:\/\/bildhauersymposion.de\/index.php\/wp-json\/wp\/v2\/pages\/495"}],"collection":[{"href":"https:\/\/bildhauersymposion.de\/index.php\/wp-json\/wp\/v2\/pages"}],"about":[{"href":"https:\/\/bildhauersymposion.de\/index.php\/wp-json\/wp\/v2\/types\/page"}],"author":[{"embeddable":true,"href":"https:\/\/bildhauersymposion.de\/index.php\/wp-json\/wp\/v2\/users\/1"}],"replies":[{"embeddable":true,"href":"https:\/\/bildhauersymposion.de\/index.php\/wp-json\/wp\/v2\/comments?post=495"}],"version-history":[{"count":22,"href":"https:\/\/bildhauersymposion.de\/index.php\/wp-json\/wp\/v2\/pages\/495\/revisions"}],"predecessor-version":[{"id":637,"href":"https:\/\/bildhauersymposion.de\/index.php\/wp-json\/wp\/v2\/pages\/495\/revisions\/637"}],"wp:attachment":[{"href":"https:\/\/bildhauersymposion.de\/index.php\/wp-json\/wp\/v2\/media?parent=495"}],"curies":[{"name":"wp","href":"https:\/\/api.w.org\/{rel}","templated":true}]}}

<div id="pl-495"  class="panel-layout" ><div id="pg-495-0"  class="panel-grid panel-no-style" ><div id="pgc-495-0-0"  class="panel-grid-cell panel-grid-cell-mobile-last" ><div id="panel-495-0-0-0" class="so-panel widget widget_sow-editor panel-first-child panel-last-child" data-index="0" ><div class="panel-widget-style panel-widget-style-for-495-0-0-0" ><div
			
			class="so-widget-sow-editor so-widget-sow-editor-base"
			
		>
<div class="siteorigin-widget-tinymce textwidget">
	<h5><span style="color: #ff00ff;">Idee und Konzept</span></h5>
<p>Gegenwartskunst und aktuelle Technologie miteinander zu verbinden, war der Grundgedanke des Bildhauersymposions Heidenheim. Hierzu boten unterschiedliche Industrie- und Handwerksbetriebe aus Heidenheim und Umgebung ausgewählten Künstlerinnen und Künstlern die Möglichkeit, ihre Kunstwerke für den öffentlichen Raum in den Betrieben zu realisieren. Für die Künstler bestand die besondere Herausforderung darin, dass sie mit jenen Materialien und Produktionstechniken arbeiten mussten, die in den jeweiligen Betrieben vorhanden waren. So kam es zu einer produktiven Konfrontation von Gegenwartskunst und aktueller Industrieproduktion, die ungewöhnliche Werke und Projekte hervorbrachte.</p>
<p> </p>
<h5><span style="color: #ff00ff;">Die Initiative</span></h5>
<p>Das Projekt Bildhauersymposion Heidenheim wurde von dem gleichnamigen Verein getragen, der auf ehrenamtlicher Basis arbeitete und sich ausschließlich durch private Spenden finanzierte. Zwischen 1997 und 2013 realisierte der Verein sechs Bildhauersymposien, an denen insgesamt 30 Künstlerinnen und Künstler teilnahmen.</p>
<p> </p>
<h5><span style="color: #ff00ff;">Die Teilnehmer</span></h5>
<p>Die beteiligten Künstlerinnen und Künstler wurden in einem aufwändigen Wettbewerbsverfahren ermittelt, an dem renommierte Künstler und Kuratoren als Juroren tätig waren. Unter ihnen bekannte Persönlichkeiten wie Prof. Dr. Manfred Schneckenburger, Prof. Dr. Wulf Herzogenrath, Dr. Thomas Wagner, Prof. Rolf Bier, Roman Signer oder Albert Hien. In den 16 Jahren seines Bestehens verwirklichten insgesamt 30 Künstlerinnen und Künstler ihre Werke für den öffentlichen Raum. Da nicht alle Werke auf Dauer angelegt waren oder im Zuge von Bauprojekten von ihren Standorten wieder entfernt werden mussten, existieren heute nur noch 14 Werke, die im Stadtraum Heidenheims zu sehen sind.</p>
</div>
</div></div></div></div><div id="pgc-495-0-1"  class="panel-grid-cell panel-grid-cell-empty" ></div></div></div>

<p>Idee und Konzept Gegenwartskunst und aktuelle Technologie miteinander zu verbinden, war der Grundgedanke des Bildhauersymposions Heidenheim. Hierzu boten unterschiedliche Industrie- und Handwerksbetriebe aus Heidenheim und Umgebung ausgewählten Künstlerinnen und Künstlern die Möglichkeit, ihre Kunstwerke für den öffentlichen Raum in den <span class="excerpt-dots">&hellip;</span> <a class="more-link" href="https://bildhauersymposion.de/index.php/idee-und-konzept/"><span class="more-msg">Weiterlesen &rarr;</span></a></p>
